{"id":564,"date":"2024-12-03T19:52:04","date_gmt":"2024-12-03T19:52:04","guid":{"rendered":"https:\/\/breda.pro\/?page_id=564"},"modified":"2025-08-23T15:17:34","modified_gmt":"2025-08-23T15:17:34","slug":"noticias","status":"publish","type":"page","link":"https:\/\/breda.pro\/?page_id=564","title":{"rendered":"Noticias"},"content":{"rendered":"\t\t<div data-elementor-type=\"wp-page\" data-elementor-id=\"564\" class=\"elementor elementor-564\" data-elementor-settings=\"{&quot;ekit_onepagescroll&quot;:&quot;block&quot;,&quot;ekit_onepagescroll_nav&quot;:&quot;0&quot;}\" data-elementor-post-type=\"page\">\n\t\t\t\t\t\t<section class=\"elementor-section elementor-top-section elementor-element elementor-element-40f33714 elementor-section-full_width elementor-section-height-default elementor-section-height-default\" data-id=\"40f33714\" data-element_type=\"section\" data-e-type=\"section\" data-settings=\"{&quot;ekit_has_onepagescroll_dot&quot;:&quot;yes&quot;}\">\n\t\t\t\t\t\t<div class=\"elementor-container elementor-column-gap-default\">\n\t\t\t\t\t<div class=\"elementor-column elementor-col-100 elementor-top-column elementor-element elementor-element-5ec778da\" data-id=\"5ec778da\" data-element_type=\"column\" data-e-type=\"column\">\n\t\t\t<div class=\"elementor-widget-wrap elementor-element-populated\">\n\t\t\t\t\t\t<div class=\"elementor-element elementor-element-3c2f786 elementor-widget elementor-widget-elementskit-blog-posts\" data-id=\"3c2f786\" data-element_type=\"widget\" data-e-type=\"widget\" data-settings=\"{&quot;ekit_we_effect_on&quot;:&quot;none&quot;}\" data-widget_type=\"elementskit-blog-posts.default\">\n\t\t\t\t<div class=\"elementor-widget-container\">\n\t\t\t\t\t<div class=\"ekit-wid-con\" >\n        <div id=\"post-items--3c2f786\" class=\"row post-items ekit-blog-posts-content wihout-masonry \" data-enable=\"no\">\n\n\t\t\t<!-- Blog Carousel markup render -->\n\t\t\t\n\n            <div class=\"col-lg-4 col-md-6\">\n\n                                    <div class=\"elementskit-post-image-card\">\n                        <div class=\"elementskit-entry-header\">\n                                                            <a href=\"https:\/\/breda.pro\/?p=1\" class=\"elementskit-entry-thumb\">\n                                    <img decoding=\"async\" src=\"https:\/\/breda.pro\/wp-content\/uploads\/2024\/11\/3463348b-fe10-44dd-b1d7-cbcba5a65ae8-1024x770.webp\" alt=\"\u00a1Bienvenidos a Breda Pro!\">\n                                <\/a><!-- .elementskit-entry-thumb END -->\n                                                            \n                            \n                                                    <\/div><!-- .elementskit-entry-header END -->\n\n                        <div class=\"elementskit-post-body \">\n                            \n                                        \n                                        \t\t\t\t\t\t\t\t\t\t                <h2 class=\"entry-title\">\n                    <a href=\"https:\/\/breda.pro\/?p=1\">\n                            \u00a1Bienvenidos a Breda Pro!                    <\/a>\n                <\/h2>\n                                                        \n                                                                                                                                    \t\t\t\t\t\t\t\t\t\t<p>En Breda Pro estamos emocionados de darte la bienvenida a nuestra plataforma, un espacio donde la creatividad, la innovaci\u00f3n y la tecnolog\u00eda se unen para transformar tus ideas en realidad. Nuestro compromiso es ofrecerte soluciones digitales de alta calidad que impulsen tu marca y te conecten con el mundo. Explora nuestros servicios en dise\u00f1o gr\u00e1fico, [&hellip;]<\/p>\n                                                                                                                                                                                                                            <div class=\"btn-wraper\">\n                                    \n                                                                            <a href=\"https:\/\/breda.pro\/?p=1\" class=\"elementskit-btn  whitespace--normal\" >\n                                                                                    Leer Mas                                        <\/a>\n                                                                    <\/div>\n                                                    <\/div><!-- .elementskit-post-body END -->\n                    <\/div>\n                \n            <\/div>\t\t\t\t\n\n            <div class=\"col-lg-4 col-md-6\">\n\n                                    <div class=\"elementskit-post-image-card\">\n                        <div class=\"elementskit-entry-header\">\n                                                            <a href=\"https:\/\/breda.pro\/?p=316\" class=\"elementskit-entry-thumb\">\n                                    <img decoding=\"async\" src=\"https:\/\/breda.pro\/wp-content\/uploads\/2024\/11\/person-holding-black-dslr-camera-scaled.jpg\" alt=\"Deja en manos de Breda Pro tus fotos de eventos y nosotros nos encargaremos de todo\">\n                                <\/a><!-- .elementskit-entry-thumb END -->\n                                                            \n                            \n                                                    <\/div><!-- .elementskit-entry-header END -->\n\n                        <div class=\"elementskit-post-body \">\n                            \n                                        \n                                        \t\t\t\t\t\t\t\t\t\t                <h2 class=\"entry-title\">\n                    <a href=\"https:\/\/breda.pro\/?p=316\">\n                            Deja en manos de Breda Pro tus fotos de eventos y nosotros nos encargaremos de todo                    <\/a>\n                <\/h2>\n                                                        \n                                                                                                                                    \t\t\t\t\t\t\t\t\t\t<p>\u00bfPor qu\u00e9 elegir Breda Pro para tus eventos? La elecci\u00f3n de un servicio de fotograf\u00eda para tus eventos es una decisi\u00f3n crucial que puede afectar la manera en que revivir\u00e1s esos momentos especiales. Breda Pro se destaca como una opci\u00f3n excepcional en este \u00e1mbito, gracias a su amplia experiencia y enfoque profesional. Con un equipo [&hellip;]<\/p>\n                                                                                                                                                                                                                            <div class=\"btn-wraper\">\n                                    \n                                                                            <a href=\"https:\/\/breda.pro\/?p=316\" class=\"elementskit-btn  whitespace--normal\" >\n                                                                                    Leer Mas                                        <\/a>\n                                                                    <\/div>\n                                                    <\/div><!-- .elementskit-post-body END -->\n                    <\/div>\n                \n            <\/div>\t\t\t\t\n\n            <div class=\"col-lg-4 col-md-6\">\n\n                                    <div class=\"elementskit-post-image-card\">\n                        <div class=\"elementskit-entry-header\">\n                                                            <a href=\"https:\/\/breda.pro\/?p=320\" class=\"elementskit-entry-thumb\">\n                                    <img decoding=\"async\" src=\"https:\/\/breda.pro\/wp-content\/uploads\/2024\/11\/people-sitting-down-near-table-with-assorted-laptop-computers-scaled.jpg\" alt=\"Transformamos tu Idea en un Sitio Web Profesional\">\n                                <\/a><!-- .elementskit-entry-thumb END -->\n                                                            \n                            \n                                                    <\/div><!-- .elementskit-entry-header END -->\n\n                        <div class=\"elementskit-post-body \">\n                            \n                                        \n                                        \t\t\t\t\t\t\t\t\t\t                <h2 class=\"entry-title\">\n                    <a href=\"https:\/\/breda.pro\/?p=320\">\n                            Transformamos tu Idea en un Sitio Web Profesional                    <\/a>\n                <\/h2>\n                                                        \n                                                                                                                                    \t\t\t\t\t\t\t\t\t\t<p>La Importancia de un Sitio Web Profesional En la era digital actual, tener un sitio web profesional es crucial para cualquier negocio. No solo act\u00faa como la cara de tu empresa en el mundo virtual, sino que tambi\u00e9n es una herramienta clave para atraer clientes y generar confianza. Un sitio bien dise\u00f1ado puede diferenciarte de [&hellip;]<\/p>\n                                                                                                                                                                                                                            <div class=\"btn-wraper\">\n                                    \n                                                                            <a href=\"https:\/\/breda.pro\/?p=320\" class=\"elementskit-btn  whitespace--normal\" >\n                                                                                    Leer Mas                                        <\/a>\n                                                                    <\/div>\n                                                    <\/div><!-- .elementskit-post-body END -->\n                    <\/div>\n                \n            <\/div>\t\t\t\t\n\n            <div class=\"col-lg-4 col-md-6\">\n\n                                    <div class=\"elementskit-post-image-card\">\n                        <div class=\"elementskit-entry-header\">\n                                                            <a href=\"https:\/\/breda.pro\/?p=1007\" class=\"elementskit-entry-thumb\">\n                                    <img decoding=\"async\" src=\"https:\/\/breda.pro\/wp-content\/uploads\/2025\/08\/518094788_720533807388968_309375151737325510_n-1024x768.jpg\" alt=\"Una Velada M\u00e1gica en Honor a Nuestra Miss Didie Makeup\">\n                                <\/a><!-- .elementskit-entry-thumb END -->\n                                                            \n                            \n                                                    <\/div><!-- .elementskit-entry-header END -->\n\n                        <div class=\"elementskit-post-body \">\n                            \n                                        \n                                        \t\t\t\t\t\t\t\t\t\t                <h2 class=\"entry-title\">\n                    <a href=\"https:\/\/breda.pro\/?p=1007\">\n                            Una Velada M\u00e1gica en Honor a Nuestra Miss Didie Makeup                    <\/a>\n                <\/h2>\n                                                        \n                                                                                                                                    \t\t\t\t\t\t\t\t\t\t<p>Un Encuentro Inolvidable Este domingo 8 de julio de 2025, vivimos una velada m\u00e1gica en el c\u00f3ctel de bienvenida que organizamos en honor a nuestra querida miss Didie Makeup. \ud83d\udc84\u2728 La atm\u00f3sfera estuvo cargada de emociones, sonrisas y la gratitud de compartir este momento con todas las personas que han sido clave en nuestro viaje. [&hellip;]<\/p>\n                                                                                                                                                                                                                            <div class=\"btn-wraper\">\n                                    \n                                                                            <a href=\"https:\/\/breda.pro\/?p=1007\" class=\"elementskit-btn  whitespace--normal\" >\n                                                                                    Leer Mas                                        <\/a>\n                                                                    <\/div>\n                                                    <\/div><!-- .elementskit-post-body END -->\n                    <\/div>\n                \n            <\/div>\t\t\t\t\n\n            <div class=\"col-lg-4 col-md-6\">\n\n                                    <div class=\"elementskit-post-image-card\">\n                        <div class=\"elementskit-entry-header\">\n                                                            <a href=\"https:\/\/breda.pro\/?p=1036\" class=\"elementskit-entry-thumb\">\n                                    <img decoding=\"async\" src=\"https:\/\/breda.pro\/wp-content\/uploads\/2025\/08\/495484537_688349224025074_8072511582353548405_n-1024x712.jpg\" alt=\"Gran Final de la Cuarta Edici\u00f3n Miss Hait\u00ed en Chile\">\n                                <\/a><!-- .elementskit-entry-thumb END -->\n                                                            \n                            \n                                                    <\/div><!-- .elementskit-entry-header END -->\n\n                        <div class=\"elementskit-post-body \">\n                            \n                                        \n                                        \t\t\t\t\t\t\t\t\t\t                <h2 class=\"entry-title\">\n                    <a href=\"https:\/\/breda.pro\/?p=1036\">\n                            Gran Final de la Cuarta Edici\u00f3n Miss Hait\u00ed en Chile                    <\/a>\n                <\/h2>\n                                                        \n                                                                                                                                    \t\t\t\t\t\t\t\t\t\t<p>As\u00ed fue la gran final de la Cuarta Edici\u00f3n Miss Hait\u00ed en ChileAcomp\u00e1\u00f1anos en este resumen especial donde revivimos los mejores momentos de esta hermosa ceremonia.Una producci\u00f3n de Breda Pro Network , celebrando lo mejor de nuestra Comunidad.<\/p>\n                                                                                                                                                                                                                            <div class=\"btn-wraper\">\n                                    \n                                                                            <a href=\"https:\/\/breda.pro\/?p=1036\" class=\"elementskit-btn  whitespace--normal\" >\n                                                                                    Leer Mas                                        <\/a>\n                                                                    <\/div>\n                                                    <\/div><!-- .elementskit-post-body END -->\n                    <\/div>\n                \n            <\/div>\t\t\t\t        <\/div>\n        \n        \n        <\/div>\t\t\t\t<\/div>\n\t\t\t\t<\/div>\n\t\t\t\t\t<\/div>\n\t\t<\/div>\n\t\t\t\t\t<\/div>\n\t\t<\/section>\n\t\t\t\t<\/div>\n\t\t","protected":false},"excerpt":{"rendered":"<p>Gran Final de la Cuarta Edici\u00f3n Miss Hait\u00ed en Chile As\u00ed fue la gran final de la Cuarta Edici\u00f3n Miss Hait\u00ed en ChileAcomp\u00e1\u00f1anos en este resumen especial donde revivimos los mejores momentos de esta hermosa ceremonia.Una producci\u00f3n de Breda Pro Network , celebrando lo mejor de nuestra Comunidad. Leer Mas Una Velada M\u00e1gica en Honor [&hellip;] <\/p>\n","protected":false},"author":1,"featured_media":0,"parent":0,"menu_order":0,"comment_status":"closed","ping_status":"closed","template":"","meta":{"footnotes":""},"class_list":["post-564","page","type-page","status-publish","hentry"],"_links":{"self":[{"href":"https:\/\/breda.pro\/index.php?rest_route=\/wp\/v2\/pages\/564","targetHints":{"allow":["GET"]}}],"collection":[{"href":"https:\/\/breda.pro\/index.php?rest_route=\/wp\/v2\/pages"}],"about":[{"href":"https:\/\/breda.pro\/index.php?rest_route=\/wp\/v2\/types\/page"}],"author":[{"embeddable":true,"href":"https:\/\/breda.pro\/index.php?rest_route=\/wp\/v2\/users\/1"}],"replies":[{"embeddable":true,"href":"https:\/\/breda.pro\/index.php?rest_route=%2Fwp%2Fv2%2Fcomments&post=564"}],"version-history":[{"count":14,"href":"https:\/\/breda.pro\/index.php?rest_route=\/wp\/v2\/pages\/564\/revisions"}],"predecessor-version":[{"id":1049,"href":"https:\/\/breda.pro\/index.php?rest_route=\/wp\/v2\/pages\/564\/revisions\/1049"}],"wp:attachment":[{"href":"https:\/\/breda.pro\/index.php?rest_route=%2Fwp%2Fv2%2Fmedia&parent=564"}],"curies":[{"name":"wp","href":"https:\/\/api.w.org\/{rel}","templated":true}]}}

<div data-elementor-type="wp-page" data-elementor-id="564" class="elementor elementor-564" data-elementor-settings="{&quot;ekit_onepagescroll&quot;:&quot;block&quot;,&quot;ekit_onepagescroll_nav&quot;:&quot;0&quot;}" data-elementor-post-type="page">
						<section class="elementor-section elementor-top-section elementor-element elementor-element-40f33714 elementor-section-full_width elementor-section-height-default elementor-section-height-default" data-id="40f33714" data-element_type="section" data-e-type="section" data-settings="{&quot;ekit_has_onepagescroll_dot&quot;:&quot;yes&quot;}">
						<div class="elementor-container elementor-column-gap-default">
					<div class="elementor-column elementor-col-100 elementor-top-column elementor-element elementor-element-5ec778da" data-id="5ec778da" data-element_type="column" data-e-type="column">
			<div class="elementor-widget-wrap elementor-element-populated">
						<div class="elementor-element elementor-element-3c2f786 elementor-widget elementor-widget-elementskit-blog-posts" data-id="3c2f786" data-element_type="widget" data-e-type="widget" data-settings="{&quot;ekit_we_effect_on&quot;:&quot;none&quot;}" data-widget_type="elementskit-blog-posts.default">
				<div class="elementor-widget-container">
					<div class="ekit-wid-con" >
        <div id="post-items--3c2f786" class="row post-items ekit-blog-posts-content wihout-masonry " data-enable="no">

			<!-- Blog Carousel markup render -->
			

            <div class="col-lg-4 col-md-6">

                                    <div class="elementskit-post-image-card">
                        <div class="elementskit-entry-header">
                                                            <a href="https://breda.pro/?p=1" class="elementskit-entry-thumb">
                                    <img decoding="async" src="https://breda.pro/wp-content/uploads/2024/11/3463348b-fe10-44dd-b1d7-cbcba5a65ae8-1024x770.webp" alt="¡Bienvenidos a Breda Pro!">
                                </a><!-- .elementskit-entry-thumb END -->
                                                            
                            
                                                    </div><!-- .elementskit-entry-header END -->

                        <div class="elementskit-post-body ">
                            
                                        
                                        										                <h2 class="entry-title">
                    <a href="https://breda.pro/?p=1">
                            ¡Bienvenidos a Breda Pro!                    </a>
                </h2>
                                                        
                                                                                                                                    										<p>En Breda Pro estamos emocionados de darte la bienvenida a nuestra plataforma, un espacio donde la creatividad, la innovación y la tecnología se unen para transformar tus ideas en realidad. Nuestro compromiso es ofrecerte soluciones digitales de alta calidad que impulsen tu marca y te conecten con el mundo. Explora nuestros servicios en diseño gráfico, [&hellip;]</p>
                                                                                                                                                                                                                            <div class="btn-wraper">
                                    
                                                                            <a href="https://breda.pro/?p=1" class="elementskit-btn  whitespace--normal" >
                                                                                    Leer Mas                                        </a>
                                                                    </div>
                                                    </div><!-- .elementskit-post-body END -->
                    </div>
                
            </div>				

            <div class="col-lg-4 col-md-6">

                                    <div class="elementskit-post-image-card">
                        <div class="elementskit-entry-header">
                                                            <a href="https://breda.pro/?p=316" class="elementskit-entry-thumb">
                                    <img decoding="async" src="https://breda.pro/wp-content/uploads/2024/11/person-holding-black-dslr-camera-scaled.jpg" alt="Deja en manos de Breda Pro tus fotos de eventos y nosotros nos encargaremos de todo">
                                </a><!-- .elementskit-entry-thumb END -->
                                                            
                            
                                                    </div><!-- .elementskit-entry-header END -->

                        <div class="elementskit-post-body ">
                            
                                        
                                        										                <h2 class="entry-title">
                    <a href="https://breda.pro/?p=316">
                            Deja en manos de Breda Pro tus fotos de eventos y nosotros nos encargaremos de todo                    </a>
                </h2>
                                                        
                                                                                                                                    										<p>¿Por qué elegir Breda Pro para tus eventos? La elección de un servicio de fotografía para tus eventos es una decisión crucial que puede afectar la manera en que revivirás esos momentos especiales. Breda Pro se destaca como una opción excepcional en este ámbito, gracias a su amplia experiencia y enfoque profesional. Con un equipo [&hellip;]</p>
                                                                                                                                                                                                                            <div class="btn-wraper">
                                    
                                                                            <a href="https://breda.pro/?p=316" class="elementskit-btn  whitespace--normal" >
                                                                                    Leer Mas                                        </a>
                                                                    </div>
                                                    </div><!-- .elementskit-post-body END -->
                    </div>
                
            </div>				

            <div class="col-lg-4 col-md-6">

                                    <div class="elementskit-post-image-card">
                        <div class="elementskit-entry-header">
                                                            <a href="https://breda.pro/?p=320" class="elementskit-entry-thumb">
                                    <img decoding="async" src="https://breda.pro/wp-content/uploads/2024/11/people-sitting-down-near-table-with-assorted-laptop-computers-scaled.jpg" alt="Transformamos tu Idea en un Sitio Web Profesional">
                                </a><!-- .elementskit-entry-thumb END -->
                                                            
                            
                                                    </div><!-- .elementskit-entry-header END -->

                        <div class="elementskit-post-body ">
                            
                                        
                                        										                <h2 class="entry-title">
                    <a href="https://breda.pro/?p=320">
                            Transformamos tu Idea en un Sitio Web Profesional                    </a>
                </h2>
                                                        
                                                                                                                                    										<p>La Importancia de un Sitio Web Profesional En la era digital actual, tener un sitio web profesional es crucial para cualquier negocio. No solo actúa como la cara de tu empresa en el mundo virtual, sino que también es una herramienta clave para atraer clientes y generar confianza. Un sitio bien diseñado puede diferenciarte de [&hellip;]</p>
                                                                                                                                                                                                                            <div class="btn-wraper">
                                    
                                                                            <a href="https://breda.pro/?p=320" class="elementskit-btn  whitespace--normal" >
                                                                                    Leer Mas                                        </a>
                                                                    </div>
                                                    </div><!-- .elementskit-post-body END -->
                    </div>
                
            </div>				

            <div class="col-lg-4 col-md-6">

                                    <div class="elementskit-post-image-card">
                        <div class="elementskit-entry-header">
                                                            <a href="https://breda.pro/?p=1007" class="elementskit-entry-thumb">
                                    <img decoding="async" src="https://breda.pro/wp-content/uploads/2025/08/518094788_720533807388968_309375151737325510_n-1024x768.jpg" alt="Una Velada Mágica en Honor a Nuestra Miss Didie Makeup">
                                </a><!-- .elementskit-entry-thumb END -->
                                                            
                            
                                                    </div><!-- .elementskit-entry-header END -->

                        <div class="elementskit-post-body ">
                            
                                        
                                        										                <h2 class="entry-title">
                    <a href="https://breda.pro/?p=1007">
                            Una Velada Mágica en Honor a Nuestra Miss Didie Makeup                    </a>
                </h2>
                                                        
                                                                                                                                    										<p>Un Encuentro Inolvidable Este domingo 8 de julio de 2025, vivimos una velada mágica en el cóctel de bienvenida que organizamos en honor a nuestra querida miss Didie Makeup. 💄✨ La atmósfera estuvo cargada de emociones, sonrisas y la gratitud de compartir este momento con todas las personas que han sido clave en nuestro viaje. [&hellip;]</p>
                                                                                                                                                                                                                            <div class="btn-wraper">
                                    
                                                                            <a href="https://breda.pro/?p=1007" class="elementskit-btn  whitespace--normal" >
                                                                                    Leer Mas                                        </a>
                                                                    </div>
                                                    </div><!-- .elementskit-post-body END -->
                    </div>
                
            </div>				

            <div class="col-lg-4 col-md-6">

                                    <div class="elementskit-post-image-card">
                        <div class="elementskit-entry-header">
                                                            <a href="https://breda.pro/?p=1036" class="elementskit-entry-thumb">
                                    <img decoding="async" src="https://breda.pro/wp-content/uploads/2025/08/495484537_688349224025074_8072511582353548405_n-1024x712.jpg" alt="Gran Final de la Cuarta Edición Miss Haití en Chile">
                                </a><!-- .elementskit-entry-thumb END -->
                                                            
                            
                                                    </div><!-- .elementskit-entry-header END -->

                        <div class="elementskit-post-body ">
                            
                                        
                                        										                <h2 class="entry-title">
                    <a href="https://breda.pro/?p=1036">
                            Gran Final de la Cuarta Edición Miss Haití en Chile                    </a>
                </h2>
                                                        
                                                                                                                                    										<p>Así fue la gran final de la Cuarta Edición Miss Haití en ChileAcompáñanos en este resumen especial donde revivimos los mejores momentos de esta hermosa ceremonia.Una producción de Breda Pro Network , celebrando lo mejor de nuestra Comunidad.</p>
                                                                                                                                                                                                                            <div class="btn-wraper">
                                    
                                                                            <a href="https://breda.pro/?p=1036" class="elementskit-btn  whitespace--normal" >
                                                                                    Leer Mas                                        </a>
                                                                    </div>
                                                    </div><!-- .elementskit-post-body END -->
                    </div>
                
            </div>				        </div>
        
        
        </div>				</div>
				</div>
					</div>
		</div>
					</div>
		</section>
				</div>

<p>Gran Final de la Cuarta Edición Miss Haití en Chile Así fue la gran final de la Cuarta Edición Miss Haití en ChileAcompáñanos en este resumen especial donde revivimos los mejores momentos de esta hermosa ceremonia.Una producción de Breda Pro Network , celebrando lo mejor de nuestra Comunidad. Leer Mas Una Velada Mágica en Honor [&hellip;] </p>
